-13)
4
What is 2 - (-9 + 18 + -7) - -6?
6
Evaluate -8 - 2 - (-102 - -83) - -21.
30
Evaluate (31 + -8 - 13) + 10 + -7.
13
Calculate (30 + -45 - -15) + (-1 - 0) + 12.
11
-7 - (1 + 4 + (-49 - -27) + 27)
-17
Evaluate -5 - (-43 + 58 + (-5 - 1)).
-14
Evaluate 48 + -49 + (6 - -1) + 1.
7
What is the value of (-50 - -21) + -5 - -13?
-21
(33 + -24 - (12 - -1)) + 11
7
What is -2 + 0 + (45 + -19 - 15)?
9
-7 + 16 + -12 + 11
8
Evaluate -5 + (-27 + 17 - -4 - 4).
-15
(-154 - -191 - (11 + 1)) + -12
13
(18 + (6 - 16) - 1) + (-2 - 36)
-31
What is 14 + -18 + (5 - 14)?
-13
What is the value of 2 + -10 + 12 + (9 - (-6 + 3))?
16
-47 + 25 + 45 - (-1 - -8 - 1)
17
What is -86 + 50 - (-5 + -2 + 0)?
-29
Evaluate 8 + 3 + 0 + -17.
-6
What is (20 - 45) + 32 + (-1 - -7)?
13
Calculate -27 + -22 + 13 + (3 - 3) + 6.
-30
Calculate 3 + (6 - -1) + (-28 - (10 + -24)).
-4
Evaluate -3 + 6 + -23 - (-10 + 21 - 12).
-19
-1 - 24 - (161 + -177)
-9
What is the value of -5 + (-22 - -18) + 13 + -2?
2
What is the value of -12 + (23 - (-3 - 5)) + -50?
-31
40 + 1 + (13 - -64 - 86)
32
Evaluate -9 + 6 + 3 + -1 + 0 + -12.
-13
-9 - ((33 - 48) + 32)
-26
What is the value of (-7 - -12 - 25) + -1 + 5 - 2?
-18
Calculate -4 - (-14 + -6 + (2 + -3 - -14)).
3
What is the value of 14 - ((-3 + -1 - 4) + (23 - 17))?
16
Evaluate 8 - (1 + (3 - 5 - -8)).
1
20 + -19 + (-3 - -6) + 11
15
(-29 - 3) + 6 - -20
-6
3 - (-6 + 56 + -32)
-15
What is the value of (2 - 17) + 23 - -9?
17
Evaluate (24 - (5 - (-9 + 12))) + -1 + 13.
34
Calculate (4 - 29 - (-15 + 4)) + 5.
-9
Evaluate 17 - 28 - (-11 + 6).
-6
What is (-8 - -1) + (12 - 2) + (12 - 21)?
-6
Evaluate (20 - (-18 + 55)) + 7.
-10
Calculate (-108 - -100) + (-2 - (-6 + -2)).
-2
What is the value of (3 + 0 - (7 + 1)) + -302 + 294?
-13
(-5 - 1 - -3) + 5 + (0 - 10)
-8
What is (2 - (2 - 0)) + (-2 - -9 - 3)?
4
-10 + (0 - -16) + 5
11
What is the value of -1 + -7 + -10 + 3 + 43?
28
Calculate -5 - ((2 + 8 - 15) + -1 + 0).
1
3480 + -3488 + (-1 - (26 + (0 - -2)))
-37
4 - -50 - (5 - -20)
29
What is 0 + (8 - (4 + 16)) - (1 - 0)?
-13
What is (-13 - (5 - 10) - (-1 - -1)) + -13?
-21
What is the value of -35 + 1 - (-20 + 36 + -30 - -13)?
-33
(137 - 156) + 19 + 1 - (-1 + -11)
13
What is the value of 20 + 4 + -7 - 37?
-20
What is the value of 8 - -50 - 29 - 9?
20
Evaluate -4 - (-9 + 11) - -2.
-4
What is the value of (-284 - -283) + (-2 - -1)?
-2
Evaluate -11 + 5 - (-4 + -6 - -9).
-5
What is (-3 - -1 - -1) + 2 - (0 - -2)?
-1
Calculate 12 - ((-1 - -19) + -14).
8
Calculate 0 + -7 - (146 + -128) - 0.
-25
Evaluate 23 - (-8 + 13) - (1 + 7).
10
What is the value of -20 + (0 - 4 - (-18 + 8)) + 6?
-8
What is 6 + (2 + -24 - -7) - 1 - 0?
-10
Calculate 7 + -14 + (12 + -9 - -4) + -4.
-4
Calculate -6 - (2 + -3 + 0) - (-18 + -5).
18
-1 + 3 - (-23 + -10 - -28)
7
Evaluate 39 + (-14 - (-23 + 33)).
15
What is -82 - -95 - (2 + (2 - (-1 + 1)))?
9
Evaluate -9 - (-5 - 1) - (0 - (0 - 5)).
-8
15 + (-23 - (-1 + -11))
4
What is the value of 48 - 42 - (20 - 6)?
-8
What is the value of 188 + -201 - (-18 - -1)?
4
What is -127 - -96 - (-13 + 6)?
-24
What is the value of -5 + -1 + 30 + -17 + 1 + -7?
1
-19 - (-51 + (-17 - -32)) - 9
8
What is the value of (-174 - -178) + (0 - 7)?
-3
What is -14 + 31 + (-8 - (-2 + 11))?
0
Evaluate 35 + -58 + (27 - 0).
4
Calculate -4 + 24 + -29 + 13 + 10.
14
Evaluate 1 + -12 - (9 - 15 - -10 - 3).
-12
Evaluate 14 - (-14 - -8 - (1 + -3)).
18
What is the value of (35 + -29 - -4) + (-35 - (0 - 0))?
-25
What is 35 + (-59 - -61) + -12 + 1?
26
Evaluate -6 + 0 - (-598 - -559).
33
Calculate -8 + -1 - (-22 - 2).
15
Calculate (11 - -1) + -30 + 8.
-10
20 - (7 + 14) - (4 + -2)
-3
Calculate (0 - 0) + -11 + (-44 - -49) - 7.
-13
-12 - (17 - -11) - -22
-18
What is the value of -1 + 3 + -6 + 0 + (-4 - 3)?
-11
What is -11 + 16 + -21 + 40 + 1?
25
What is the value of -51 + (97 - 65 - (0 - -17))?
-36
32 + -19 + -20 + 8
1
-35 + -37 + 52 - (-13 - 2)
-5
Calculate 0 - (13 - 0) - (5 - (12 + -4)).
-10
Evaluate 105 - 109 - (8 + 0).
-12
Calculate 39 - 21 - (3 + -4 + 47).
-28
What is -2 + (0 - (1 - -4) - (-32 - -34))?
-9
What is the value of -34 - (23 - 55) - (7 + -1)?
-8
-6 + (-3 + 6 + 4 - 3)
-2
What is the value of (6 - 0) + 41 + (56 - 96)?
7
What is -13 + -1 + 5 + (-10 - -2 - -6)?
-11
Calculate -38 - ((10 - -25) + -47).
-26
What is -1 + (10 - 0) - (-53 + 49)?
13
What is -10 - ((7 - 6) + -1)?
-10
What is (80 - 48) + -13 + 0 + -9?
10
What is the value of (-21 - 1) + (105 - 61) + -34?
-12
Evaluate -5 - (0 + 2 - (-2 + 29) - -4).
16
16 - 25 - 2 - -12
1
Calculate (-105 - -95) + (-1 - -3).
-8
What is -1 - (-3 - -5 - (1 - 21))?
-23
What is (-10 - (8 - 2 - 9)) + (-2 - 1)?
-10
Calculate -1 - -12 - ((12 - 10) + 1 - 5).
13
5 + 0 + (15 - (25 - 4)) - 9
-10
Calculate -16 + 77 + (-31 - 18).
12
Calculate 8 - ((0 + 8 - (5 + -1)) + 7).
-3
What is 1712 - 1690 - (-1 + 15 + 0)?
8
Calculate -14 + 27 + (10 - 20).
3
What is the value of 1 - (1 + (6 - 12) + (-3 - -3))?
6
39 + -56 + 37 + -5
15
(-1 - 3) + 5 + (12 - (-5 - -10))
8
What is the value of (11 - ((8 - (12 - 5)) + 11)) + -24?
-25
(9 - 24) + (-1 - (5 + -3)) + 8
-10
Evaluate -9 - (-6 - 1) - (-1 - (-5 - -8)).
2
Calculate 8 + 1 + 27 + -12 + -8 + -10.
6
(-7 - -20) + (-7 + 2 - (-5 + -4))
17
Evaluate -22 + (56 - 46) - (15 - 3).
-24
Evaluate -13 - (14 - 12 - 24).
9
Calculate -20 - (13 - (-22 - -52)).
-3
What is the value of 14 - 13 - 23 - -36?
14
(5 - 4) + (63 - 49)
15
What is the value of -13 + 6 - (-9 - -9) - 2?
-9
3 + (-18 - -17 - (1 - 5))
6
Evaluate (-1 - (33 - 23)) + (-13 - (4 - 4)).
-24
What is the value of (0 + -2 + (-136 - -139) - 37) + 11?
-25
Evaluate (1 - 1) + 7 + -11 + -4 + 26.
18
Evaluate -21 - ((8 - -1) + (-36 + 5 - -19)).
-18
What is 7 + (-3 - (0 - 5)) - (-107 + 95)?
21
What is -5 + (27 - 51) - (1 - 1)?
-29
What is 1 + -1 + -13 + 12?
-1
Evaluate -1 + (-8 - (9 + (-1 - 8) + 1)).
-10
Calculate 1 + (2 - 18) + -3 + 7.
-11
What is the value of (-9 - -6) + -10 - (1 + -1 + -5)?
-8
Evaluate 1 + (-4 - -11 - 14) + 0 + 0.
-6
What is -15 + 8 + 34 + (-13 - 0)?
14
What is the value of (88 - 68) + (9 - 18)?
11
Calculate 20 + (-27 - -11 - 2).
2
What is the value of (4 - (9 - 1)) + -31 + 43?
8
What is the value of (16 - (14 - -5)) + (0 - (1 + -2))?
-2
What is -32 - (56 - 51 - (-2 + (8 - -3)))?
-28
9 + 4 + 4 + -25
-8
What is 40 - (1 + -6 + 16) - (23 - 16)?
22
What is -18 - (9 - (3 + 12 + -11) - 7)?
-16
What is (11 - 2) + -1 + -16?
-8
Evaluate (54 - (1 - -33)) + -33.
-13
What is the value of (0 - 11 - (120 - 136)) + 1 + 1?
7
7 - (-7 + (7 - 6 - -10))
3
Calculate -142 + 121 - (-21 + -3).
3
What is 5 + -3 - 20 - (-6 - -12 - 6)?
-18
-3 - (-26 + -11 - -52)
-18
What is (31 - 26 - 0) + (21 + -3 - 0)?
23
Evaluate 4 - (7 + -23 + 10).
10
What is (-1 + 5 - -2) + (-16 - (-7 + -14))?
11
(24 - (-30 - -49)) + (0 - -1)
6
What is -2 - (13 - (11 + 0 - 1))?
-5
What is -7 + (5 - (-4 + 6))?
-4
Evaluate (-24 - -28) + -1 + -9 + -2 + 5.
-3
What is the value of (-9 - -1) + (-5 - -11) + 3 - -20?
21
Calculate -2 - -3 - -12 - (48 + -12).
-23
What is 16 + 3 + -15 + -1 + 4 + 6?
13
What is -6 + (32 - 9 - 11)?
6
24 + -29 + -27 + (1 - -3)
-28
What is -15 - (28 + -54 - -34 - (4 + -1))?
-20
Calculate 7 - (1 + 1 + 6 - -2).
-3
What is -2 + (-1 - (1 + -1)) + -11 + 12?
-2
3 - 14 - (-6 + (3 - 10) - -17)
-15
What is the value of -2 - 28 - (222 - 232)?
-20
What is the value of 7 - ((22 - 21) + -4 + -1 + 1)?
10
Calculate 1 + -1 + -22 + (15 - (-1 + 22)).
-28
(9 - (10 - (3 - -1))) + (13 - 45)
-29
Calculate 8 + ((-11 - 6) + 16 - -5).
12
Calculate -28 + (22 - 2) + 0 + 4.
-4
Evaluate (-1 - (-12 + 4) - -20) + -11.
16
What is the value of 7 - 1 - (31 + (-5 - 4))?
-16
What is the value of -4 + -6 + 6 - (-13 - -9)?
0
Calculate (-18 - (-7 + 3 + -2)) + 13 + -5.
-4
Calculate -14 + (4 - (3 - (5 - 7))) + 1.
-14
What is (0 - -4 - 5 - -8) + -15?
-8
6 - (1 - (1 - 6) - 8)
8
What is the value of -11 - (-14 + (9 - 12 - -20))?
-14
What is (-4 + 3 - -9 - (8 - 1)) + -5?
-4
-13 - -16 - (-3 + -3)
9
What is the value of (-56 - -47 - -11) + -7 + -1?
-6
Evaluate (0 - -5) + 2706 + -2734.
-23
Calculate 0 + 7 + 0 - (420 - 439).
26
Calculate (-157 - -145) + (2 - -1 - (-4 + 1)).
-6
-23 + 17 + -4 + -5
-15
What is 9 + -38 + 9 - -43?
23
Evaluate (9 - 15) + -119 + 93.
-32
Evaluate (-2 - 7) + -6 + 27 + -6.
6
6 + (11 + -14 + -7 - -21)
17
Evaluate -25 + -12 + 29 - (0 + 8 - 1).
-